r when 35 is divided by 30?
5
What is the remainder when 80 is divided by 44?
36
Calculate the remainder when 131 is divided by 27.
23
Calculate the remainder when 115 is divided by 109.
6
Calculate the remainder when 914 is divided by 84.
74
What is the remainder when 215 is divided by 24?
23
Calculate the remainder when 493 is divided by 31.
28
Calculate the remainder when 531 is divided by 49.
41
Calculate the remainder when 300 is divided by 277.
23
Calculate the remainder when 8578 is divided by 165.
163
What is the remainder when 10 is divided by 3?
1
Calculate the remainder when 4582 is divided by 11.
6
What is the remainder when 862 is divided by 32?
30
Calculate the remainder when 9934 is divided by 18.
16
Calculate the remainder when 1087 is divided by 90.
7
Calculate the remainder when 7270 is divided by 18.
16
Calculate the remainder when 24307 is divided by 65.
62
Calculate the remainder when 3100 is divided by 19.
3
Calculate the remainder when 13 is divided by 3.
1
What is the remainder when 406 is divided by 63?
28
Calculate the remainder when 18 is divided by 9.
0
What is the remainder when 629 is divided by 18?
17
Calculate the remainder when 2177 is divided by 33.
32
Calculate the remainder when 350 is divided by 132.
86
Calculate the remainder when 36 is divided by 21.
15
Calculate the remainder when 1510 is divided by 9.
7
What is the remainder when 31 is divided by 8?
7
Calculate the remainder when 1273 is divided by 18.
13
Calculate the remainder when 488 is divided by 70.
68
Calculate the remainder when 511 is divided by 87.
76
What is the remainder when 22809 is divided by 12?
9
What is the remainder when 1290 is divided by 426?
12
Calculate the remainder when 2759 is divided by 138.
137
What is the remainder when 169 is divided by 57?
55
Calculate the remainder when 38254 is divided by 47.
43
What is the remainder when 636 is divided by 314?
8
Calculate the remainder when 12058 is divided by 134.
132
Calculate the remainder when 512 is divided by 251.
10
What is the remainder when 4550 is divided by 80?
70
Calculate the remainder when 876 is divided by 235.
171
Calculate the remainder when 531 is divided by 58.
9
Calculate the remainder when 32 is divided by 6.
2
Calculate the remainder when 27 is divided by 18.
9
What is the remainder when 225 is divided by 18?
9
Calculate the remainder when 154 is divided by 2.
0
What is the remainder when 9396 is divided by 448?
436
Calculate the remainder when 36 is divided by 6.
0
What is the remainder when 677 is divided by 269?
139
Calculate the remainder when 506 is divided by 494.
12
What is the remainder when 363 is divided by 233?
130
What is the remainder when 533 is divided by 134?
131
What is the remainder when 384 is divided by 101?
81
What is the remainder when 190 is divided by 178?
12
What is the remainder when 250 is divided by 34?
12
What is the remainder when 922 is divided by 44?
42
Calculate the remainder when 3330 is divided by 115.
110
Calculate the remainder when 1144 is divided by 95.
4
What is the remainder when 450 is divided by 444?
6
Calculate the remainder when 287 is divided by 92.
11
What is the remainder when 2445 is divided by 20?
5
Calculate the remainder when 356 is divided by 115.
11
What is the remainder when 23640 is divided by 46?
42
What is the remainder when 201 is divided by 41?
37
Calculate the remainder when 549 is divided by 50.
49
Calculate the remainder when 77 is divided by 13.
12
What is the remainder when 52 is divided by 28?
24
What is the remainder when 218 is divided by 37?
33
Calculate the remainder when 2067 is divided by 15.
12
What is the remainder when 321 is divided by 12?
9
What is the remainder when 13263 is divided by 35?
33
What is the remainder when 268 is divided by 32?
12
What is the remainder when 65 is divided by 25?
15
Calculate the remainder when 228 is divided by 60.
48
What is the remainder when 184 is divided by 98?
86
Calculate the remainder when 102 is divided by 15.
12
Calculate the remainder when 3095 is divided by 21.
8
What is the remainder when 64 is divided by 15?
4
What is the remainder when 151 is divided by 32?
23
What is the remainder when 182 is divided by 47?
41
Calculate the remainder when 167 is divided by 21.
20
What is the remainder when 3481 is divided by 9?
7
Calculate the remainder when 555 is divided by 181.
12
Calculate the remainder when 74 is divided by 23.
5
What is the remainder when 1230 is divided by 12?
6
Calculate the remainder when 58 is divided by 21.
16
What is the remainder when 434 is divided by 317?
117
Calculate the remainder when 805 is divided by 207.
184
What is the remainder when 1151 is divided by 64?
63
What is the remainder when 386 is divided by 187?
12
Calculate the remainder when 400 is divided by 200.
0
What is the remainder when 2181 is divided by 52?
49
Calculate the remainder when 148 is divided by 24.
4
Calculate the remainder when 3178 is divided by 11.
10
Calculate the remainder when 59 is divided by 42.
17
Calculate the remainder when 89 is divided by 13.
11
Calculate the remainder when 1471 is divided by 22.
19
What is the remainder when 159 is divided by 10?
9
Calculate the remainder when 1024 is divided by 79.
76
Calculate the remainder when 123 is divided by 29.
7
What is the remainder when 72 is divided by 59?
13
What is the remainder when 24 is divided by 9?
6
What is the remainder when 168 is divided by 29?
23
Calculate the remainder when 522 is divided by 95.
47
What is the remainder when 1673 is divided by 56?
49
Calculate the remainder when 16012 is divided by 83.
76
What is the remainder when 2044 is divided by 11?
9
Calculate the remainder when 1510 is divided by 20.
10
What is the remainder when 341 is divided by 38?
37
What is the remainder when 311 is divided by 52?
51
Calculate the remainder when 250 is divided by 37.
28
What is the remainder when 17 is divided by 5?
2
Calculate the remainder when 120 is divided by 31.
27
What is the remainder when 1791 is divided by 23?
20
Calculate the remainder when 44 is divided by 31.
13
What is the remainder when 24197 is divided by 55?
52
What is the remainder when 2872 is divided by 115?
112
What is the remainder when 24 is divided by 8?
0
What is the remainder when 13647 is divided by 75?
72
Calculate the remainder when 1887 is divided by 61.
57
Calculate the remainder when 37 is divided by 28.
9
Calculate the remainder when 3094 is divided by 146.
28
What is the remainder when 197 is divided by 41?
33
Calculate the remainder when 6492 is divided by 43.
42
What is the remainder when 1906 is divided by 23?
20
What is the remainder when 172 is divided by 46?
34
Calculate the remainder when 383 is divided by 146.
91
Calculate the remainder when 4419 is divided by 68.
67
Calculate the remainder when 215 is divided by 11.
6
What is the remainder when 16377 is divided by 156?
153
What is the remainder when 3870 is divided by 19?
13
Calculate the remainder when 1469 is divided by 12.
5
Calculate the remainder when 477 is divided by 15.
12
What is the remainder when 88 is divided by 12?
4
Calculate the remainder when 133 is divided by 18.
7
What is the remainder when 86 is divided by 31?
24
What is the remainder when 1368 is divided by 137?
135
Calculate the remainder when 40491 is divided by 191.
190
Calculate the remainder when 87 is divided by 5.
2
What is the remainder when 137 is divided by 20?
17
Calculate the remainder when 69 is divided by 41.
28
What is the remainder when 282 is divided by 37?
23
What is the remainder when 344 is divided by 71?
60
What is the remainder when 2648 is divided by 331?
0
What is the remainder when 2337 is divided by 45?
42
Calculate the remainder when 1371 is divided by 28.
27
Calculate the remainder when 191 is divided by 64.
63
Calculate the remainder when 756 is divided by 11.
8
Calculate the remainder when 5596 is divided by 5.
1
Calculate the remainder when 5996 is divided by 80.
76
What is the remainder when 198 is divided by 53?
39
What is the remainder when 1630 is divided by 15?
10
Calculate the remainder when 225 is divided by 113.
112
What is the remainder when 214 is divided by 72?
70
Calculate the remainder when 4350 is divided by 96.
30
What is the 